 304 = -y*b, -5*b = 4*a - 1043. List the prime factors of a.
257
Let u be 4/(-10) + (-8)/((-40)/(-303)). Let q = u + 116. What are the prime factors of q?
5, 11
Suppose -3*s = -0*s - 6. Suppose -3*w + 66 = -0*c + s*c, 0 = -4*c + 3*w + 168. What are the prime factors of c?
3, 13
Let q(k) = -k**3 - 2*k**2 + 7*k + 5. Suppose 4*v - 4 = -3*u, -4*v = 4*u - 7*v - 47. Let p(t) = -t + 4. Let r be p(u). List the prime factors of q(r).
3
Let k(t) = t**2 - 12*t + 16. Let u be k(11). Let j be (-18 + 23)*2*u. Suppose j = q + 3*q + 5*w, -2*w = 5*q - 54. List the prime factors of q.
2, 5
Suppose -a = 3*d - 40, 3*a + 35 = 3*d - a. Let q = d - 16. What are the prime factors of 15 + 1 + q - 0?
13
Let u = -4472 + 10243. List the prime factors of u.
29, 199
Let j(w) = -w**3 - 23*w**2 + 36*w - 13. Let g be j(-25). Suppose -q = 0, -l + 2*q - q = -g. What are the prime factors of l?
337
Suppose -2*y + 3*t - 18 = 0, 0 = -2*y + 3*y + t + 14. Let v = -9 - y. Let l = v - 1. List the prime factors of l.
2
Let z = 466 + -461. What are the prime factors of z?
5
Suppose -3*z - 17 = -44. Let r(o) = 2*o**2 - 9*o + 2. What are the prime factors of r(z)?
83
Let n = 239 + 269. What are the prime factors of n?
2, 127
Suppose -5*i - 11 = -2*j, 5*j - 9 - 3 = -3*i. Suppose -j*m - 3*p + 210 = -0*m, 2*m - 4*p - 122 = 0. List the prime factors of m.
67
Let u(x) = 185*x**2 - 2. List the prime factors of u(-2).
2, 3, 41
Suppose -5 = 5*p - 25. Suppose -p*r = -0*r - 288. Suppose -3*b = b - r. What are the prime factors of b?
2, 3
Suppose -22 + 42 = 5*g. Suppose -3*c - 277 = -4*m - g*c, 0 = -5*m - 2*c + 350. List the prime factors of m.
2, 17
Let h be (3*2/12 - 1)*0. Suppose 0*p + 4*c = -p + 25, 4*p - c - 185 = h. List the prime factors of p.
3, 5
Let z = 10 + -10. Suppose z = -3*c + 88 + 137. Suppose r + c = 6*r. List the prime factors of r.
3, 5
List the prime factors of 2266/55*(-150)/(-5).
2, 3, 103
Suppose -3*g + 5*w - 30 = -5*g, -46 = -4*g - 3*w. Let m be -5*-4*1/g. Suppose -5*d = -m*d - 3*c, -20 = -4*c. List the prime factors of d.
5
What are the prime factors of 39/2*(6 + 70)?
2, 3, 13, 19
Let a(c) = -10*c**3 - 26*c**2 + 17*c + 20. List the prime factors of a(-6).
2, 571
Let d = 1138 - 797. List the prime factors of d.
11, 31
Let q(n) = 6*n**2 - n - 1. Let i be q(-1). Suppose -1232 = -4*x + 2*x. What are the prime factors of x/12 - 2/i?
3, 17
Let l(v) = 3 - 5 + 5*v + 13 + 0*v. Suppose -4*t - 72 = -10*t. What are the prime factors of l(t)?
71
Let w(o) = -6*o + 15. Let p(z) = -3*z + 7. Let k(n) = -5*p(n) + 3*w(n). Let m be k(8). Let c = 36 + m. List the prime factors of c.
2, 11
Let n = -215 - -465. List the prime factors of n.
2, 5
Suppose -840 = -5*v + 5*y, 0 = -v - 3*v - 5*y + 690. Suppose 6*m - m = v. List the prime factors of m.
2, 17
Suppose -3*a = -18 + 6. Let d(h) = 54*h - 22. List the prime factors of d(a).
2, 97
What are the prime factors of 1577 + 15/(105/14)?
1579
Let a(o) = o**3 - 4*o**2 - 7*o + 13. Let z be a(5). Suppose 0*b + 29 = 2*b - z*m, 5*b = -2*m + 101. List the prime factors of b.
19
Let y(l) = 6*l**2 - 8*l + 1. Let g be y(7). Suppose -2*n + 4*p = -146, 5*n - 2*n + 4*p = g. List the prime factors of n.
7, 11
Suppose -5*n = -10, 4*m - 2*n - 4481 = -1645. List the prime factors of m.
2, 5, 71
Suppose 4*t + i + 858 = 0, 2*t + 3*i = -0 - 424. Let j = t - -359. List the prime factors of j.
2, 3
Let y = -6 - -8. Suppose c = 2*c - y. Suppose 0 = -c*d + 5 + 53. What are the prime factors of d?
29
Suppose -2*q = 9*q + 957. What are the prime factors of -1 - q - (7 + (-10)/2)?
2, 3, 7
Let x(h) = 0 + 584*h - 2 - 569*h. List the prime factors of x(6).
2, 11
Suppose -2*r + 3088 = 3*s, -1 - 15 = 4*s. List the prime factors of r.
2, 5, 31
Suppose -13*n + 2*j = -8*n - 1358, -j = -4*n + 1084. What are the prime factors of n?
2, 3, 5
Let i be (33/(-9))/((-1)/3). Let k = i + -14. List the prime factors of k*5*16/(-12).
2, 5
Let z be 8/(-6)*12/(-8). Let d be 0 + (z - (-2 - -6)). What are the prime factors of (40/15)/(d/(-9))?
2, 3
Suppose -9 = -2*c + 5. Suppose 2 = 5*u + c. List the prime factors of u/(-7) + (-410)/(-70).
2, 3
Let t(v) = 75*v + 175. List the prime factors of t(15).
2, 5, 13
Let z(y) = 10*y - 74. Let h be z(20). What are the prime factors of (0 + h/(-12))*-6?
3, 7
Let d = -40 + 27. Let h(y) = y + 15. Let p be h(d). Suppose -p*f + 2*a = -62, 2*f + 7*a - 4*a - 82 = 0. List the prime factors of f.
5, 7
Let v = -138 + 138. Suppose 0 = -3*p + 3*n + 762, v*p + n = 2*p - 511. List the prime factors of p.
257
Let c(y) = 0*y**2 - y**2 + 14 + 3 + 3*y**2 - 10*y. List the prime factors of c(8).
5, 13
Let g be 10/3 + (-4)/(-6). Suppose 100 = g*n + n. Suppose 0 = -5*h + 3*m - n + 166, -3*h - 5*m + 74 = 0. List the prime factors of h.
2, 7
Suppose -4*x - 8 + 8 = 0. List the prime factors of (-25 + -11)*(-1 - x).
2, 3
Let v be 8/20 - (-48)/5. Suppose -2 = 2*a - v. Suppose -a*h + 18 = 2. List the prime factors of h.
2
Suppose -3*o - 10*o = -10985. List the prime factors of o.
5, 13
List the prime factors of (3816/(-16))/(1/(-12)).
2, 3, 53
Let j = 269 + 136. List the prime factors of j.
3, 5
Let o(g) = g**2 + 4*g - 2. Let z be o(-5). Suppose z*w + 3 = -72. Let k = w - -71. What are the prime factors of k?
2, 23
Let v(g) be the third derivative of g**6/60 + g**5/30 + g**4/24 + g**3/2 - 8*g**2. List the prime factors of v(3).
2, 3, 13
Let o(j) be the second derivative of -5*j**3/3 - 37*j**2/2 - 36*j. What are the prime factors of o(-21)?
173
Suppose -f + 36 = -7*i + 3*i, -3*i = -2*f + 82. Suppose 56 = 4*h - f. List the prime factors of h.
5
Suppose 50*s - 33*s = 70414. List the prime factors of s.
2, 19, 109
Suppose 2*w + 0*w - 32 = -5*a, a = 0. Let y = 19 + w. List the prime factors of y.
5, 7
Let h(y) = 7*y**2 + 22*y - 127. List the prime factors of h(10).
13, 61
Let q(h) = h**3 - 13*h**2 + 27*h - 8. List the prime factors of q(13).
7
Let a = 1421 - -205. List the prime factors of a.
2, 3, 271
Let p = 387 - 210. Suppose 2*m - p = -2*a + 75, 0 = -2*m + a + 243. What are the prime factors of m?
3, 41
Let c be -188 + (-1 - 1)*-1. Let s = c - -286. What are the prime factors of s?
2, 5
Let r = 8 + 0. Suppose -4*a + 3*h = 12, r*a = 3*a + 2*h - 8. Suppose a = 4*t - 2*t - 58. What are the prime factors of t?
29
Let k(v) = -v**2 + 6*v - 6. Let r be k(4). Suppose -5*z = -r*z - 90. What are the prime factors of z?
2, 3, 5
List the prime factors of 104*(8/6)/((-2)/(-69)).
2, 13, 23
Suppose 4673 = -27*s + 17417. List the prime factors of s.
2, 59
Suppose -k + 213 = 4*b - 0*k, 0 = b - 5*k - 27. Suppose -2*y - 5*r = -r - b, -r + 37 = 2*y. List the prime factors of y.
2
Suppose 0 = 2*t + 2*s - 162, -t - 5*s + 72 = -9. Let q = t + -21. List the prime factors of q.
2, 3, 5
Suppose 2*t - 380 + 92 = 0. Let d be t/15 + 8/20. List the prime factors of 62 + d + (2 - 3).
71
Let j = -14 + 30. Suppose -j = -3*n - 2*i, -2*n - i - 4*i + 7 = 0. Let m(k) = k**3 - 5*k**2 - k - 7. List the prime factors of m(n).
23
Let m = 1032 + -740. List the prime factors of m.
2, 73
Let t(w) = -659*w + 240. List the prime factors of t(-3).
3, 739
Suppose -5*m = -4*m, -3*a = -3*m + 66. Let k = 26 + a. Suppose -g = k*b - 113, -b = g + 2*g - 42. List the prime factors of b.
3
Let f(a) = a**3 - 2*a**2 + a + 136. Let s be f(0). Suppose 9*k - s = 107. What are the prime factors of k?
3
Suppose 7595 = 5*f + 2*v, 4*v = 7*f - 11*f + 6076. List the prime factors of f.
7, 31
Suppose 0*d = d + 2, -5*i - 1 = -2*d. Let n = i - -35. List the prime factors of n.
2, 17
Let g = 2603 + -1340. List the prime factors of g.
3, 421
Let i(z) = -6*z**3 - 4*z**2 - z + 9. List the prime factors of i(-6).
3, 389
Suppose 2*z - x = -1 - 0, 4*x - 13 = -z. Let w(t) = -z - 4*t + 8*t - 2. What are the prime factors of w(7)?
5
Let d = -11 + 15. Suppose 5*o - x = 665, d*x = -0*o + 4*o - 532. What are the prime factors of o?
7, 19
Let h be -3 - -1*(2 - 3). Let w be 0/(3 + (h - -2)). Suppose -4*x = -w*k + 3*k - 117, -x + k = -31. What are the prime factors of x?
2, 3, 5
Let r(h) = -9*h**2 + 59. Let l(z) = 5*z**2 - 30. Let k(g) = 11*l(g) + 6*r(g). Let d be k(0). Suppose -d = -4*n - 0. List the prime factors of n.
2, 3
Let b(z) = z**2 - 28*z - 202. What are the prime factors of b(41)?
331
Suppose -10 = -2*c - 3*c. Suppose 0 = 4*d + 3*j - 467, -d = c*j - 7 - 106.